{"id":5289,"date":"2020-12-21T15:09:18","date_gmt":"2020-12-21T14:09:18","guid":{"rendered":"https:\/\/aromea.eu\/at\/duftmarketing\/?page_id=5289"},"modified":"2020-12-21T15:57:40","modified_gmt":"2020-12-21T14:57:40","slug":"24-7-monitoring-future-meets-easy-handling","status":"publish","type":"page","link":"https:\/\/aromea.eu\/at\/duftmarketing\/duftgeraete-pakete\/24-7-monitoring-future-meets-easy-handling\/","title":{"rendered":"24\/7 Monitoring: Future meets easy handling!"},"content":{"rendered":"<p>[vc_section full_width=&#8221;stretch_row&#8221; css=&#8221;.vc_custom_1533900950628{padding-top: 104px !important;padding-bottom: 35px !important;}&#8221;][vc_row][vc_column][vc_custom_heading text=&#8221;24\/7 MONITORING&#8221; font_container=&#8221;tag:h1|text_align:center&#8221; use_theme_fonts=&#8221;yes&#8221;][vc_custom_heading text=&#8221;Future meets easy handling!&#8221; font_container=&#8221;tag:h4|text_align:center&#8221; use_theme_fonts=&#8221;yes&#8221;][\/vc_column][\/vc_row][\/vc_section][vc_section css=&#8221;.vc_custom_1576836844595{padding-bottom: 35px !important;}&#8221;][vc_row el_class=&#8221;einsatz-content&#8221; css=&#8221;.vc_custom_1576836849019{padding-bottom: 60px !important;}&#8221;][vc_column width=&#8221;1\/2&#8243; css=&#8221;.vc_custom_1588080036125{margin-bottom: 35px !important;padding-right: 30px !important;padding-left: 30px !important;}&#8221; offset=&#8221;vc_col-md-6&#8243;][vc_column_text]<\/p>\n<p style=\"text-align: justify;\">Mit Schrecken festgestellt, dass das Duftger\u00e4t im Shop oder in der Lobby noch l\u00e4uft, obwohl man es sich schon zuhause auf der Couch bequem gemacht hat oder bereits am Strand Margaritas schl\u00fcrft? Oder irgendwas an dem Nano-Ger\u00e4t klappt einfach nicht so, wie man es in diesem Augenblick haben m\u00f6chte, ein Service durch AROMEA Airdesign ist aber in diesem Augenblick zu umst\u00e4ndlich oder dauert zu lange? Eine bekannte Tatsache: Wo Technik am Werk ist, braucht es manchmal eben auch einen Techniker. Jemanden, der von Nano-Duftger\u00e4ten und patentierter AirQ-Technologie mehr Ahnung und auch Zeit hat als der Otto Normalverbraucher. Doch was w\u00e4re, wenn der Techniker von AROMEA Airdesign einfach digital das Problem l\u00f6sen oder die Einstellungen des Duftger\u00e4ts \u00e4ndern k\u00f6nnte? Klingt nach Zukunft, ist aber in der Gegenwart schon m\u00f6glich: Fernwartung mit Hilfe der ScenXus Technology &#8211; f\u00fcr eine reibungslose Kommunikation zwischen AROMEA Airdesign, Ger\u00e4t und Location.<\/p>\n<p>[\/vc_column_text][\/vc_column][vc_column width=&#8221;1\/2&#8243; css=&#8221;.vc_custom_1588080046289{padding-right: 30px !important;padding-left: 30px !important;}&#8221; offset=&#8221;vc_col-md-6&#8243;][vc_column_text css=&#8221;.vc_custom_1608198440682{margin-bottom: 0px !important;}&#8221;]<\/p>\n<p style=\"text-align: justify;\">Was die Techniker von AROMEA Airdesign per Knopfdruck \u00fcber die innovative Fernwartung steuern k\u00f6nnen: Die Ger\u00e4te von AROMEA ein- und ausschalten, die Duftzeiten und Intensit\u00e4t in Echtzeit \u00e4ndern, Ger\u00e4teleistungen \u00fcberpr\u00fcfen und \u00fcberpr\u00fcfen, ob und wann ein Duftkartuschen-Wechsel ansteht. All das und noch viel mehr kann ScenXus Dongle. Eine benutzerfreundliche, Internet-basierte Plattform, die es den Technikern von AROMEA Airdesign unmittelbar m\u00f6glich macht, ein Service und Monitoring in Echtzeit anzubieten. Versteht sich besonders gut mit dem Nano Pro oder AROMEA Power. Wie es funktioniert? Ganz einfach. Entweder es wird mittels WLAN oder easy mit einem separaten ScenXus Data Network installiert \u2013 je nach Location, Nutzung und Wunsch. Das Fazit: Ein Duft(t)raum deluxe \u00a0mit einer smarten Technologie im Hintergrund.<\/p>\n<p>[\/vc_column_text][\/vc_column][\/vc_row][\/vc_section][vc_section css=&#8221;.vc_custom_1533910292330{padding-top: 50px !important;padding-bottom: 50px !important;}&#8221;][vc_row content_placement=&#8221;top&#8221;][vc_column width=&#8221;1\/2&#8243; css=&#8221;.vc_custom_1608199047133{margin-bottom: 30px !important;padding-top: 8px !important;padding-right: 30px !important;padding-left: 30px !important;}&#8221;]\n\t\t\t<!-- START Monitoring REVOLUTION SLIDER 6.2.22 --><p class=\"rs-p-wp-fix\"><\/p>\n\t\t\t<rs-module-wrap id=\"rev_slider_17_1_wrapper\" data-source=\"gallery\" style=\"background:transparent;padding:0;margin:0px auto;margin-top:0;margin-bottom:0;\">\n\t\t\t\t<rs-module id=\"rev_slider_17_1\" style=\"\" data-version=\"6.2.22\">\n\t\t\t\t\t<rs-slides>\n\t\t\t\t\t\t<rs-slide data-key=\"rs-139\" data-title=\"Power\" data-thumb=\"\/\/aromea.eu\/at\/duftmarketing\/wp-content\/uploads\/AromeaPower-50x100.jpeg\" data-anim=\"ei:d;eo:d;s:d;r:0;t:fadefromright;sl:d;\">\n\t\t\t\t\t\t\t<img loading=\"lazy\" decoding=\"async\" src=\"\/\/aromea.eu\/at\/duftmarketing\/wp-content\/plugins\/revslider\/public\/assets\/assets\/dummy.png\" title=\"AromeaPower\" width=\"853\" height=\"1280\" data-lazyload=\"\/\/aromea.eu\/at\/duftmarketing\/wp-content\/uploads\/AromeaPower.jpeg\" class=\"rev-slidebg\" data-no-retina>\n<!---->\t\t\t\t\t\t<\/rs-slide>\n\t\t\t\t\t\t<rs-slide data-key=\"rs-140\" data-title=\"Power 1\" data-thumb=\"\/\/aromea.eu\/at\/duftmarketing\/wp-content\/uploads\/20-08-18-Aromea-8-50x100.jpeg\" data-anim=\"ei:d;eo:d;s:d;r:0;t:fadefromright;sl:d;\">\n\t\t\t\t\t\t\t<img loading=\"lazy\" decoding=\"async\" src=\"\/\/aromea.eu\/at\/duftmarketing\/wp-content\/plugins\/revslider\/public\/assets\/assets\/dummy.png\" title=\"20-08-18 Aromea-8\" width=\"853\" height=\"1280\" data-lazyload=\"\/\/aromea.eu\/at\/duftmarketing\/wp-content\/uploads\/20-08-18-Aromea-8.jpeg\" class=\"rev-slidebg\" data-no-retina>\n<!---->\t\t\t\t\t\t<\/rs-slide>\n\t\t\t\t\t\t<rs-slide data-key=\"rs-141\" data-title=\"Power 1\" data-thumb=\"\/\/aromea.eu\/at\/duftmarketing\/wp-content\/uploads\/20-08-18-Aromea-22-50x100.jpeg\" data-anim=\"ei:d;eo:d;s:d;r:0;t:fadefromright;sl:d;\">\n\t\t\t\t\t\t\t<img loading=\"lazy\" decoding=\"async\" src=\"\/\/aromea.eu\/at\/duftmarketing\/wp-content\/plugins\/revslider\/public\/assets\/assets\/dummy.png\" title=\"20-08-18 Aromea-22\" width=\"853\" height=\"1280\" data-lazyload=\"\/\/aromea.eu\/at\/duftmarketing\/wp-content\/uploads\/20-08-18-Aromea-22.jpeg\" class=\"rev-slidebg\" data-no-retina>\n<!---->\t\t\t\t\t\t<\/rs-slide>\n\t\t\t\t\t\t<rs-slide data-key=\"rs-142\" data-title=\"Power 1\" data-thumb=\"\/\/aromea.eu\/at\/duftmarketing\/wp-content\/uploads\/20-08-18-Aromea-Blackhomes-3-50x100.jpeg\" data-anim=\"ei:d;eo:d;s:d;r:0;t:fadefromright;sl:d;\">\n\t\t\t\t\t\t\t<img loading=\"lazy\" decoding=\"async\" src=\"\/\/aromea.eu\/at\/duftmarketing\/wp-content\/plugins\/revslider\/public\/assets\/assets\/dummy.png\" title=\"20-08-18 Aromea &#8211; B(l)ackhomes-3\" width=\"853\" height=\"1280\" data-lazyload=\"\/\/aromea.eu\/at\/duftmarketing\/wp-content\/uploads\/20-08-18-Aromea-Blackhomes-3.jpeg\" class=\"rev-slidebg\" data-no-retina>\n<!---->\t\t\t\t\t\t<\/rs-slide>\n\t\t\t\t\t<\/rs-slides>\n\t\t\t\t<\/rs-module>\n\t\t\t\t<script type=\"text\/javascript\">\n\t\t\t\t\tsetREVStartSize({c: 'rev_slider_17_1',rl:[1240,1024,778,480],el:[710],gw:[485],gh:[710],type:'carousel',justify:'',layout:'fullwidth',mh:\"0\"});\n\t\t\t\t\tvar\trevapi17,\n\t\t\t\t\t\ttpj;\n\t\t\t\t\tfunction revinit_revslider171() {\n\t\t\t\t\tjQuery(function() {\n\t\t\t\t\t\ttpj = jQuery;\n\t\t\t\t\t\trevapi17 = tpj(\"#rev_slider_17_1\");\n\t\t\t\t\t\tif(revapi17==undefined || revapi17.revolution == undefined){\n\t\t\t\t\t\t\trevslider_showDoubleJqueryError(\"rev_slider_17_1\");\n\t\t\t\t\t\t}else{\n\t\t\t\t\t\t\trevapi17.revolution({\n\t\t\t\t\t\t\t\tsliderType:\"carousel\",\n\t\t\t\t\t\t\t\tvisibilityLevels:\"1240,1024,778,480\",\n\t\t\t\t\t\t\t\tgridwidth:485,\n\t\t\t\t\t\t\t\tgridheight:710,\n\t\t\t\t\t\t\t\tautoHeight:true,\n\t\t\t\t\t\t\t\tlazyType:\"smart\",\n\t\t\t\t\t\t\t\tspinner:\"spinner8\",\n\t\t\t\t\t\t\t\tperspective:600,\n\t\t\t\t\t\t\t\tperspectiveType:\"global\",\n\t\t\t\t\t\t\t\teditorheight:\"710,768,960,720\",\n\t\t\t\t\t\t\t\tresponsiveLevels:\"1240,1024,778,480\",\n\t\t\t\t\t\t\t\tcarousel: {\n\t\t\t\t\t\t\t\t\tinfinity:true,\n\t\t\t\t\t\t\t\t\tjustifyMaxWidth:true,\n\t\t\t\t\t\t\t\t\tmaxVisibleItems:1,\n\t\t\t\t\t\t\t\t\tvary_fade:true\n\t\t\t\t\t\t\t\t},\n\t\t\t\t\t\t\t\tprogressBar:{disableProgressBar:true},\n\t\t\t\t\t\t\t\tnavigation: {\n\t\t\t\t\t\t\t\t\tonHoverStop:false,\n\t\t\t\t\t\t\t\t\ttouch: {\n\t\t\t\t\t\t\t\t\t\ttouchenabled:true,\n\t\t\t\t\t\t\t\t\t\ttouchOnDesktop:true\n\t\t\t\t\t\t\t\t\t},\n\t\t\t\t\t\t\t\t\tbullets: {\n\t\t\t\t\t\t\t\t\t\tenable:true,\n\t\t\t\t\t\t\t\t\t\ttmp:\"<div class=\\\"actual-bullet\\\"><\/div><span>{{param1}}<\/span>\",\n\t\t\t\t\t\t\t\t\t\tstyle:\"aromea\",\n\t\t\t\t\t\t\t\t\t\th_align:\"left\",\n\t\t\t\t\t\t\t\t\t\th_offset:15,\n\t\t\t\t\t\t\t\t\t\tv_offset:15,\n\t\t\t\t\t\t\t\t\t\tdirection:\"vertical\",\n\t\t\t\t\t\t\t\t\t\tspace:8\n\t\t\t\t\t\t\t\t\t}\n\t\t\t\t\t\t\t\t},\n\t\t\t\t\t\t\t\tfallbacks: {\n\t\t\t\t\t\t\t\t\tallowHTML5AutoPlayOnAndroid:true\n\t\t\t\t\t\t\t\t},\n\t\t\t\t\t\t\t});\n\t\t\t\t\t\t}\n\t\t\t\t\t\t\n\t\t\t\t\t});\n\t\t\t\t\t} \/\/ End of RevInitScript\n\t\t\t\tvar once_revslider171 = false;\n\t\t\t\tif (document.readyState === \"loading\") {document.addEventListener('readystatechange',function() { if((document.readyState === \"interactive\" || document.readyState === \"complete\") && !once_revslider171 ) { once_revslider171 = true; revinit_revslider171();}});} else {once_revslider171 = true; revinit_revslider171();}\n\t\t\t\t<\/script>\n\t\t\t\t<script>\n\t\t\t\t\tvar htmlDivCss = unescape(\"%23rev_slider_17_1_wrapper%20.aromea.tp-bullets%20%7B%0A%7D%0A%0A%23rev_slider_17_1_wrapper%20.aromea%20.tp-bullet%7B%0A%09position%3A%20absolute%3B%0A%20%20%20%20background%3A%20none%3B%0A%7D%0A%0A%23rev_slider_17_1_wrapper%20.aromea%20.actual-bullet%20%7B%0A%20%20%20%20overflow%3Ahidden%3B%0A%20%20%20%20border-radius%3A50%25%3B%0A%20%20%20%20width%3A8px%3B%0A%20%20%20%20height%3A8px%3B%0A%20%20%20%20background-color%3A%20rgba%280%2C%200%2C%200%2C%200%29%3B%0A%20%20%20%20box-shadow%3A%20inset%200%200%200%201px%20%23fff%3B%0A%20%20%20%20-webkit-transition%3A%20background%200.3s%20ease%3B%0A%20%20%20%20transition%3A%20background%200.3s%20ease%3B%0A%20%20%20%20position%3Aabsolute%3B%0A%7D%0A%0A%23rev_slider_17_1_wrapper%20.aromea%20.actual-bullet%3Ahover%20%7B%0A%09%20%20background-color%3A%20%23fff%3B%0A%7D%0A%23rev_slider_17_1_wrapper%20.aromea%20.actual-bullet%3Aafter%20%7B%0A%20%20content%3A%20%27%20%27%3B%0A%20%20position%3A%20absolute%3B%0A%20%20bottom%3A%200%3B%0A%20%20height%3A%200%3B%0A%20%20left%3A%200%3B%0A%20%20width%3A%20100%25%3B%0A%20%20background-color%3A%20%23fff%3B%0A%20%20box-shadow%3A%200%200%201px%20%23fff%3B%0A%20%20-webkit-transition%3A%20height%200.3s%20ease%3B%0A%20%20transition%3A%20height%200.3s%20ease%3B%0A%7D%0A%0A%23rev_slider_17_1_wrapper%20.aromea%20.tp-bullet%20%3E%20span%7B%0A%09display%3A%20none%3B%0A%20%20%20%20color%3A%20%23fff%3B%0A%20%20%20%20font-family%3A%20AtlasGrotesk%3B%0A%20%20%20%20font-size%3A%2011px%3B%20%20%20%20%0A%20%20%20%20position%3A%20absolute%3B%0A%20%20%20%20right%3A%2026px%3B%0A%20%20%20%20top%3A%20-13px%3B%0A%7D%0A%23rev_slider_17_1_wrapper%20.aromea%20.tp-bullet.selected%20%3E%20span%7B%0A%09display%3A%20block%3B%0A%7D%0A%0A%23rev_slider_17_1_wrapper%20.aromea%20.tp-bullet.selected%20.actual-bullet%3Aafter%20%7B%0A%20%20height%3A100%25%3B%0A%7D%0A%0A\");\n\t\t\t\t\tvar htmlDiv = document.getElementById('rs-plugin-settings-inline-css');\n\t\t\t\t\tif(htmlDiv) {\n\t\t\t\t\t\thtmlDiv.innerHTML = htmlDiv.innerHTML + htmlDivCss;\n\t\t\t\t\t}else{\n\t\t\t\t\t\tvar htmlDiv = document.createElement('div');\n\t\t\t\t\t\thtmlDiv.innerHTML = '<style>' + htmlDivCss + '<\/style>';\n\t\t\t\t\t\tdocument.getElementsByTagName('head')[0].appendChild(htmlDiv.childNodes[0]);\n\t\t\t\t\t}\n\t\t\t\t<\/script>\n\t\t\t\t<script>\n\t\t\t\t\tvar htmlDivCss = unescape(\"%0A%0A%0A%0A\");\n\t\t\t\t\tvar htmlDiv = document.getElementById('rs-plugin-settings-inline-css');\n\t\t\t\t\tif(htmlDiv) {\n\t\t\t\t\t\thtmlDiv.innerHTML = htmlDiv.innerHTML + htmlDivCss;\n\t\t\t\t\t}else{\n\t\t\t\t\t\tvar htmlDiv = document.createElement('div');\n\t\t\t\t\t\thtmlDiv.innerHTML = '<style>' + htmlDivCss + '<\/style>';\n\t\t\t\t\t\tdocument.getElementsByTagName('head')[0].appendChild(htmlDiv.childNodes[0]);\n\t\t\t\t\t}\n\t\t\t\t<\/script>\n\t\t\t<\/rs-module-wrap>\n\t\t\t<!-- END REVOLUTION SLIDER -->\n[\/vc_column][vc_column width=&#8221;1\/2&#8243; css=&#8221;.vc_custom_1608199030799{padding-right: 30px !important;padding-left: 30px !important;}&#8221;][vc_custom_heading text=&#8221;Benefits:&#8221; font_container=&#8221;tag:h2|font_size:30px|text_align:left|color:%23000000|line_height:40px&#8221; use_theme_fonts=&#8221;yes&#8221; el_class=&#8221;ls-18 uppercase&#8221; css=&#8221;.vc_custom_1608197762008{padding-bottom: 20px !important;}&#8221;][vc_column_text el_class=&#8221;font-15-27 color-000&#8243;]<\/p>\n<ul class=\"nose-type\">\n<li>Fernwartung in Echtzeit<\/li>\n<li>Verst\u00e4ndigung \u00fcber F\u00fcllst\u00e4nde und Kartuschentausch<\/li>\n<li>Ein- und Ausschalten des Ger\u00e4ts<\/li>\n<li>\u00c4nderungen der Uhrzeit<\/li>\n<li>\u00c4nderungen der Programme<\/li>\n<li>\u00c4nderungen der Duftintensit\u00e4t<\/li>\n<\/ul>\n<p>&nbsp;<\/p>\n<p>\u279f Verf\u00fcgbar bei allen neu abgeschlossenen <a href=\"https:\/\/aromea.eu\/at\/duftmarketing\/duftgeraete-pakete\/duftmarketing\/\">Duftmarketing-Pakete<\/a> und auch bei Kauf des Ger\u00e4ts bei gesonderter Zubuchung * (BIG EASY &amp; SHOP N\u2018GO), auf Anfrage auch f\u00fcr bestehende <a href=\"https:\/\/aromea.eu\/at\/duftmarketing\/duftgeraete-pakete\/duftmarketing\/\">Pakete<\/a><\/p>\n<p><small>* F\u00fcr Modell Aromea Pro und Power<\/small>[\/vc_column_text][vc_btn title=&#8221;Jetzt unverbindlich anfragen&#8221; style=&#8221;custom&#8221; custom_background=&#8221;#577c77&#8243; custom_text=&#8221;#ffffff&#8221; shape=&#8221;square&#8221; align=&#8221;left&#8221; link=&#8221;url:https%3A%2F%2Faromea.eu%2Fat%2Fduftmarketing%2Fkontakt%2F|title:Jetzt%20unverbindlich%20Anfragen&#8221; el_class=&#8221;cta&#8221; css=&#8221;.vc_custom_1608198717354{margin-top: 10px !important;margin-bottom: 10px !important;}&#8221;][\/vc_column][\/vc_row][\/vc_section]<\/p>\n","protected":false},"excerpt":{"rendered":"<p>[vc_section full_width=&#8221;stretch_row&#8221; css=&#8221;.vc_custom_1533900950628{padding-top: 104px !important;padding-bottom: 35px !important;}&#8221;][vc_row][vc_column][vc_custom_heading text=&#8221;24\/7 MONITORING&#8221; font_container=&#8221;tag:h1|text_align:center&#8221; use_theme_fonts=&#8221;yes&#8221;][vc_custom_heading text=&#8221;Future meets easy handling!&#8221; font_container=&#8221;tag:h4|text_align:center&#8221; use_theme_fonts=&#8221;yes&#8221;][\/vc_column][\/vc_row][\/vc_section][vc_section css=&#8221;.vc_custom_1576836844595{padding-bottom: 35px !important;}&#8221;][vc_row el_class=&#8221;einsatz-content&#8221; css=&#8221;.vc_custom_1576836849019{padding-bottom: 60px !important;}&#8221;][vc_column width=&#8221;1\/2&#8243; css=&#8221;.vc_custom_1588080036125{margin-bottom:<span class=\"excerpt-hellip\"> [\u2026]<\/span><\/p>\n","protected":false},"author":1,"featured_media":0,"parent":102,"menu_order":0,"comment_status":"closed","ping_status":"closed","template":"","meta":{"_acf_changed":false,"inline_featured_image":false,"footnotes":""},"class_list":["post-5289","page","type-page","status-publish","hentry"],"acf":[],"yoast_head":"<!-- This site is optimized with the Yoast SEO plugin v21.8.1 - https:\/\/yoast.com\/wordpress\/plugins\/seo\/ -->\n<title>24\/7 Monitoring: Future meets easy handling! - Aromea<\/title>\n<meta name=\"robots\" content=\"index, follow, max-snippet:-1, max-image-preview:large, max-video-preview:-1\" \/>\n<link rel=\"canonical\" href=\"https:\/\/aromea.eu\/at\/duftmarketing\/duftgeraete-pakete\/24-7-monitoring-future-meets-easy-handling\/\" \/>\n<meta property=\"og:locale\" content=\"de_DE\" \/>\n<meta property=\"og:type\" content=\"article\" \/>\n<meta property=\"og:title\" content=\"24\/7 Monitoring: Future meets easy handling! - Aromea\" \/>\n<meta property=\"og:description\" content=\"[vc_section full_width=&#8221;stretch_row&#8221; css=&#8221;.vc_custom_1533900950628{padding-top: 104px !important;padding-bottom: 35px !important;}&#8221;][vc_row][vc_column][vc_custom_heading text=&#8221;24\/7 MONITORING&#8221; font_container=&#8221;tag:h1|text_align:center&#8221; use_theme_fonts=&#8221;yes&#8221;][vc_custom_heading text=&#8221;Future meets easy handling!&#8221; font_container=&#8221;tag:h4|text_align:center&#8221; use_theme_fonts=&#8221;yes&#8221;][\/vc_column][\/vc_row][\/vc_section][vc_section css=&#8221;.vc_custom_1576836844595{padding-bottom: 35px !important;}&#8221;][vc_row el_class=&#8221;einsatz-content&#8221; css=&#8221;.vc_custom_1576836849019{padding-bottom: 60px !important;}&#8221;][vc_column width=&#8221;1\/2&#8243; css=&#8221;.vc_custom_1588080036125{margin-bottom: [\u2026]\" \/>\n<meta property=\"og:url\" content=\"https:\/\/aromea.eu\/at\/duftmarketing\/duftgeraete-pakete\/24-7-monitoring-future-meets-easy-handling\/\" \/>\n<meta property=\"og:site_name\" content=\"Aromea\" \/>\n<meta property=\"article:modified_time\" content=\"2020-12-21T14:57:40+00:00\" \/>\n<meta name=\"twitter:card\" content=\"summary_large_image\" \/>\n<meta name=\"twitter:label1\" content=\"Gesch\u00e4tzte Lesezeit\" \/>\n\t<meta name=\"twitter:data1\" content=\"3\u00a0Minuten\" \/>\n<script type=\"application\/ld+json\" class=\"yoast-schema-graph\">{\"@context\":\"https:\/\/schema.org\",\"@graph\":[{\"@type\":\"WebPage\",\"@id\":\"https:\/\/aromea.eu\/at\/duftmarketing\/duftgeraete-pakete\/24-7-monitoring-future-meets-easy-handling\/\",\"url\":\"https:\/\/aromea.eu\/at\/duftmarketing\/duftgeraete-pakete\/24-7-monitoring-future-meets-easy-handling\/\",\"name\":\"24\/7 Monitoring: Future meets easy handling! - Aromea\",\"isPartOf\":{\"@id\":\"https:\/\/aromea.eu\/at\/duftmarketing\/#website\"},\"datePublished\":\"2020-12-21T14:09:18+00:00\",\"dateModified\":\"2020-12-21T14:57:40+00:00\",\"breadcrumb\":{\"@id\":\"https:\/\/aromea.eu\/at\/duftmarketing\/duftgeraete-pakete\/24-7-monitoring-future-meets-easy-handling\/#breadcrumb\"},\"inLanguage\":\"de\",\"potentialAction\":[{\"@type\":\"ReadAction\",\"target\":[\"https:\/\/aromea.eu\/at\/duftmarketing\/duftgeraete-pakete\/24-7-monitoring-future-meets-easy-handling\/\"]}]},{\"@type\":\"BreadcrumbList\",\"@id\":\"https:\/\/aromea.eu\/at\/duftmarketing\/duftgeraete-pakete\/24-7-monitoring-future-meets-easy-handling\/#breadcrumb\",\"itemListElement\":[{\"@type\":\"ListItem\",\"position\":1,\"name\":\"Duftger\u00e4te &#038; Pakete\",\"item\":\"https:\/\/aromea.eu\/at\/duftmarketing\/duftgeraete-pakete\/\"},{\"@type\":\"ListItem\",\"position\":2,\"name\":\"24\/7 Monitoring: Future meets easy handling!\"}]},{\"@type\":\"WebSite\",\"@id\":\"https:\/\/aromea.eu\/at\/duftmarketing\/#website\",\"url\":\"https:\/\/aromea.eu\/at\/duftmarketing\/\",\"name\":\"Aromea\",\"description\":\"Airdesign\",\"potentialAction\":[{\"@type\":\"SearchAction\",\"target\":{\"@type\":\"EntryPoint\",\"urlTemplate\":\"https:\/\/aromea.eu\/at\/duftmarketing\/?s={search_term_string}\"},\"query-input\":\"required name=search_term_string\"}],\"inLanguage\":\"de\"}]}<\/script>\n<!-- \/ Yoast SEO plugin. -->","yoast_head_json":{"title":"24\/7 Monitoring: Future meets easy handling! - Aromea","robots":{"index":"index","follow":"follow","max-snippet":"max-snippet:-1","max-image-preview":"max-image-preview:large","max-video-preview":"max-video-preview:-1"},"canonical":"https:\/\/aromea.eu\/at\/duftmarketing\/duftgeraete-pakete\/24-7-monitoring-future-meets-easy-handling\/","og_locale":"de_DE","og_type":"article","og_title":"24\/7 Monitoring: Future meets easy handling! - Aromea","og_description":"[vc_section full_width=&#8221;stretch_row&#8221; css=&#8221;.vc_custom_1533900950628{padding-top: 104px !important;padding-bottom: 35px !important;}&#8221;][vc_row][vc_column][vc_custom_heading text=&#8221;24\/7 MONITORING&#8221; font_container=&#8221;tag:h1|text_align:center&#8221; use_theme_fonts=&#8221;yes&#8221;][vc_custom_heading text=&#8221;Future meets easy handling!&#8221; font_container=&#8221;tag:h4|text_align:center&#8221; use_theme_fonts=&#8221;yes&#8221;][\/vc_column][\/vc_row][\/vc_section][vc_section css=&#8221;.vc_custom_1576836844595{padding-bottom: 35px !important;}&#8221;][vc_row el_class=&#8221;einsatz-content&#8221; css=&#8221;.vc_custom_1576836849019{padding-bottom: 60px !important;}&#8221;][vc_column width=&#8221;1\/2&#8243; css=&#8221;.vc_custom_1588080036125{margin-bottom: [\u2026]","og_url":"https:\/\/aromea.eu\/at\/duftmarketing\/duftgeraete-pakete\/24-7-monitoring-future-meets-easy-handling\/","og_site_name":"Aromea","article_modified_time":"2020-12-21T14:57:40+00:00","twitter_card":"summary_large_image","twitter_misc":{"Gesch\u00e4tzte Lesezeit":"3\u00a0Minuten"},"schema":{"@context":"https:\/\/schema.org","@graph":[{"@type":"WebPage","@id":"https:\/\/aromea.eu\/at\/duftmarketing\/duftgeraete-pakete\/24-7-monitoring-future-meets-easy-handling\/","url":"https:\/\/aromea.eu\/at\/duftmarketing\/duftgeraete-pakete\/24-7-monitoring-future-meets-easy-handling\/","name":"24\/7 Monitoring: Future meets easy handling! - Aromea","isPartOf":{"@id":"https:\/\/aromea.eu\/at\/duftmarketing\/#website"},"datePublished":"2020-12-21T14:09:18+00:00","dateModified":"2020-12-21T14:57:40+00:00","breadcrumb":{"@id":"https:\/\/aromea.eu\/at\/duftmarketing\/duftgeraete-pakete\/24-7-monitoring-future-meets-easy-handling\/#breadcrumb"},"inLanguage":"de","potentialAction":[{"@type":"ReadAction","target":["https:\/\/aromea.eu\/at\/duftmarketing\/duftgeraete-pakete\/24-7-monitoring-future-meets-easy-handling\/"]}]},{"@type":"BreadcrumbList","@id":"https:\/\/aromea.eu\/at\/duftmarketing\/duftgeraete-pakete\/24-7-monitoring-future-meets-easy-handling\/#breadcrumb","itemListElement":[{"@type":"ListItem","position":1,"name":"Duftger\u00e4te &#038; Pakete","item":"https:\/\/aromea.eu\/at\/duftmarketing\/duftgeraete-pakete\/"},{"@type":"ListItem","position":2,"name":"24\/7 Monitoring: Future meets easy handling!"}]},{"@type":"WebSite","@id":"https:\/\/aromea.eu\/at\/duftmarketing\/#website","url":"https:\/\/aromea.eu\/at\/duftmarketing\/","name":"Aromea","description":"Airdesign","potentialAction":[{"@type":"SearchAction","target":{"@type":"EntryPoint","urlTemplate":"https:\/\/aromea.eu\/at\/duftmarketing\/?s={search_term_string}"},"query-input":"required name=search_term_string"}],"inLanguage":"de"}]}},"_links":{"self":[{"href":"https:\/\/aromea.eu\/at\/duftmarketing\/wp-json\/wp\/v2\/pages\/5289","targetHints":{"allow":["GET"]}}],"collection":[{"href":"https:\/\/aromea.eu\/at\/duftmarketing\/wp-json\/wp\/v2\/pages"}],"about":[{"href":"https:\/\/aromea.eu\/at\/duftmarketing\/wp-json\/wp\/v2\/types\/page"}],"author":[{"embeddable":true,"href":"https:\/\/aromea.eu\/at\/duftmarketing\/wp-json\/wp\/v2\/users\/1"}],"replies":[{"embeddable":true,"href":"https:\/\/aromea.eu\/at\/duftmarketing\/wp-json\/wp\/v2\/comments?post=5289"}],"version-history":[{"count":0,"href":"https:\/\/aromea.eu\/at\/duftmarketing\/wp-json\/wp\/v2\/pages\/5289\/revisions"}],"up":[{"embeddable":true,"href":"https:\/\/aromea.eu\/at\/duftmarketing\/wp-json\/wp\/v2\/pages\/102"}],"wp:attachment":[{"href":"https:\/\/aromea.eu\/at\/duftmarketing\/wp-json\/wp\/v2\/media?parent=5289"}],"curies":[{"name":"wp","href":"https:\/\/api.w.org\/{rel}","templated":true}]}}