{"id":504,"date":"2018-08-10T13:25:49","date_gmt":"2018-08-10T11:25:49","guid":{"rendered":"http:\/\/www.duftmarketing.at\/?page_id=504"},"modified":"2020-08-03T15:38:06","modified_gmt":"2020-08-03T13:38:06","slug":"duefte-fuer-nano-geraete","status":"publish","type":"page","link":"https:\/\/aromea.eu\/at\/duftmarketing\/raumduefte\/duefte-fuer-nano-geraete\/","title":{"rendered":"Raumd\u00fcfte f\u00fcr Nano Ger\u00e4te"},"content":{"rendered":"<div class=\"wpb-content-wrapper\"><p>[vc_section full_width=&#8221;stretch_row&#8221; css=&#8221;.vc_custom_1533900950628{padding-top: 104px !important;padding-bottom: 35px !important;}&#8221;][vc_row][vc_column][vc_custom_heading text=&#8221;RAUMD\u00dcFTE&#8221; font_container=&#8221;tag:h1|text_align:center&#8221; use_theme_fonts=&#8221;yes&#8221;][vc_column_text el_class=&#8221;font-18-28 color-000&#8243;]<\/p>\n<p style=\"text-align: center;\">f\u00fcr Nano Ger\u00e4te<\/p>\n<p>[\/vc_column_text][\/vc_column][\/vc_row][\/vc_section][vc_section css=&#8221;.vc_custom_1576836844595{padding-bottom: 35px !important;}&#8221;][vc_row el_class=&#8221;einsatz-content&#8221; css=&#8221;.vc_custom_1576836849019{padding-bottom: 60px !important;}&#8221;][vc_column css=&#8221;.vc_custom_1576838706240{margin-bottom: 35px !important;padding-right: 30px !important;padding-left: 30px !important;}&#8221; offset=&#8221;vc_col-md-4&#8243;][vc_custom_heading text=&#8221;Unsere D\u00fcfte&#8221; font_container=&#8221;tag:h4|text_align:left&#8221; use_theme_fonts=&#8221;yes&#8221;][vc_column_text]<\/p>\n<p style=\"text-align: justify;\">Alle D\u00fcfte von AROMEA Airdesign enthalten nat\u00fcrliche \u00d6le und wurden von Top-Parf\u00fcmeuren des weltweiten Marktf\u00fchrers in Duft- und Aromaherstellung FIRMENICH aus der Schweiz mit hochwertigen Inhaltsstoffen hergestellt. Neben nachhaltigen Pflanzenextrakten verwenden wir das, was wir \u201ek\u00fcnstliche Molek\u00fcle\u201c nennen. Diese Mischung erlaubt es uns, eine breite Palette an sch\u00f6nen und kreativen D\u00fcften herzustellen, die mit rein nat\u00fcrlichen Inhaltsstoffen so nicht m\u00f6glich w\u00e4ren. Viele unsere synthetischen D\u00fcfte stammen allerdings direkt aus der Natur: Die Molek\u00fcle einer Pflanze werden daf\u00fcr in ihrer Zusammensetzung kopiert. Das Ergebnis: Ein nat\u00fcrlicher Duft, der das Beste aus der Natur nachhaltig vereint.<\/p>\n<p>[\/vc_column_text][\/vc_column][vc_column width=&#8221;1\/2&#8243; css=&#8221;.vc_custom_1576837816190{padding-right: 30px !important;padding-left: 30px !important;}&#8221; offset=&#8221;vc_col-md-4&#8243;][vc_custom_heading text=&#8221;F\u00fcr dich&#8221; font_container=&#8221;tag:h4|text_align:left&#8221; use_theme_fonts=&#8221;yes&#8221;][vc_column_text]<\/p>\n<p style=\"text-align: justify;\">Vom Menschen hergestellte Materialien sind aufgrund ihrer durchdachten und sichereren Molekularstrukturen weniger anf\u00e4llig f\u00fcr allergische Reaktionen oder Irritationen. Sie sind zudem von Natur aus v\u00f6llig nachhaltig, da sie immer gleich und nicht von der Verf\u00fcgbarkeit und dem Zustand der Pflanzen beeinflusst werden. Und auch bezahlbar sind. So erm\u00f6glichen wir jeder einzelnen Nase eine innovative olfaktorische Reise.<\/p>\n<p>[\/vc_column_text][\/vc_column][vc_column width=&#8221;1\/2&#8243; css=&#8221;.vc_custom_1576837824512{padding-right: 30px !important;padding-left: 30px !important;}&#8221; offset=&#8221;vc_col-md-4&#8243;][vc_custom_heading text=&#8221;Safety first&#8221; font_container=&#8221;tag:h4|text_align:left&#8221; use_theme_fonts=&#8221;yes&#8221;][vc_column_text]<\/p>\n<p style=\"text-align: justify;\">Alle unsere D\u00fcfte folgen konsequent und gewissenhaft allen gesetzlichen Vorgaben sowie den h\u00f6chsten Qualit\u00e4ts- und Sicherheitsstandards der Europ\u00e4ischen Union und des Verbraucherschutzes. Unsere D\u00fcfte in Kombination mit der patentierten AirQ-Technologie schaffen zuverl\u00e4ssig und nachhaltig ein hypoallergenes Dufterlebnis ohne R\u00fcckst\u00e4nde und Kontaktallergien.<\/p>\n<p>[\/vc_column_text][\/vc_column][\/vc_row][\/vc_section][vc_section][vc_row el_id=&#8221;genie-and-functional&#8221;][vc_column][vc_custom_heading text=&#8221;GENIE &amp; GENIE TRASH&#8221; font_container=&#8221;tag:h2|text_align:center&#8221; use_theme_fonts=&#8221;yes&#8221;][vc_column_text]<\/p>\n<p style=\"text-align: center;\">Die L\u00f6sung f\u00fcr R\u00e4ume und Bereiche, in denen sich hartn\u00e4ckige Ger\u00fcche ziemlich wohl f\u00fchlen! Wir wissen: Das Thema ist nicht gerade sexy. Doch daf\u00fcr sind es diese D\u00fcfte umso mehr: Die\u00a0<strong>Genie-Duftkollektion<\/strong>. Und die <strong>Genie Trash-Duftkollektion<\/strong>, die den Ger\u00fcchen rund um einen M\u00fclleimer den Kampf ansagt. Eines soll gesagt sein: Der Name kommt nicht von ungef\u00e4hr\u2026<\/p>\n<p>[\/vc_column_text][vc_basic_grid post_type=&#8221;duft&#8221; max_items=&#8221;-1&#8243; element_width=&#8221;3&#8243; gap=&#8221;10&#8243; orderby=&#8221;ID&#8221; order=&#8221;ASC&#8221; item=&#8221;486&#8243; grid_id=&#8221;vc_gid:1596461637135-59e8b42e-2897-10&#8243; taxonomies=&#8221;344&#8243;][\/vc_column][\/vc_row][vc_row el_id=&#8221;gourmet&#8221;][vc_column][vc_custom_heading text=&#8221;GOURMET&#8221; font_container=&#8221;tag:h2|text_align:center&#8221; use_theme_fonts=&#8221;yes&#8221;][vc_column_text]<\/p>\n<p style=\"text-align: center;\">Sind wir nicht alle insgeheim Gourmets? In der Fr\u00fch der Duft von Kaffee und frischem Geb\u00e4ck, Vanille und Schokolade. Kokosnuss, Pina Colada und die frische Minze im Mojito? Tabak und Whiskey? So duftet unsere Gourmet-Kollektion.<\/p>\n<p>[\/vc_column_text][vc_basic_grid post_type=&#8221;duft&#8221; max_items=&#8221;-1&#8243; element_width=&#8221;3&#8243; gap=&#8221;10&#8243; orderby=&#8221;title&#8221; order=&#8221;ASC&#8221; item=&#8221;486&#8243; grid_id=&#8221;vc_gid:1596461637136-9be8b0a4-358b-6&#8243; taxonomies=&#8221;343&#8243;][\/vc_column][\/vc_row][vc_row el_id=&#8221;lifestyle&#8221;][vc_column][vc_custom_heading text=&#8221;LIFESTYLE&#8221; font_container=&#8221;tag:h2|text_align:center&#8221; use_theme_fonts=&#8221;yes&#8221;][vc_column_text]<\/p>\n<p style=\"text-align: center;\">Lifestyle it is! Die D\u00fcfte in dieser Kollektion sind Premium, Design und Prestige. Also alles, was das gewisse Extra bedeutet: Mehr Atmosph\u00e4re, mehr Klasse, mehr Emotion.<\/p>\n<p>[\/vc_column_text][vc_basic_grid post_type=&#8221;duft&#8221; max_items=&#8221;-1&#8243; element_width=&#8221;3&#8243; gap=&#8221;10&#8243; orderby=&#8221;title&#8221; order=&#8221;ASC&#8221; item=&#8221;486&#8243; grid_id=&#8221;vc_gid:1596461637137-f9be17eb-ff82-9&#8243; taxonomies=&#8221;345&#8243;][\/vc_column][\/vc_row][vc_row el_id=&#8221;seasonal&#8221;][vc_column][vc_custom_heading text=&#8221;SEASONAL&#8221; font_container=&#8221;tag:h2|text_align:center&#8221; use_theme_fonts=&#8221;yes&#8221;][vc_column_text]<\/p>\n<p style=\"text-align: center;\">It&#8217;s the time of the year: Rund um Weihnachten duftet es nach Keksen und Zimt, im Fr\u00fchling nach Maigl\u00f6ckchen und Flieder, der Sommer schafft Emotionen mit wogenden, gr\u00fcnen Wiesen in der Sonne. Unsere Seasonal-Duftkollektion f\u00e4ngt die Gef\u00fchle ein und hat nur eines im Sinn: Die richtige Wohlf\u00fchlatmosph\u00e4re zur richtigen Zeit.<\/p>\n<p>[\/vc_column_text][vc_basic_grid post_type=&#8221;duft&#8221; max_items=&#8221;-1&#8243; element_width=&#8221;3&#8243; gap=&#8221;10&#8243; orderby=&#8221;title&#8221; order=&#8221;ASC&#8221; item=&#8221;486&#8243; grid_id=&#8221;vc_gid:1596461637138-52764211-9d04-7&#8243; taxonomies=&#8221;342&#8243;][\/vc_column][\/vc_row][vc_row el_id=&#8221;wellness-and-aromatherapie&#8221;][vc_column][vc_custom_heading text=&#8221;WELLNESS &amp; AROMATHERAPIE&#8221; font_container=&#8221;tag:h2|text_align:center&#8221; use_theme_fonts=&#8221;yes&#8221;][vc_column_text]<\/p>\n<p style=\"text-align: center;\">Aromatherapie verwendet gezielt \u00e4therische \u00d6le um verschiedene Wirkungen zu erzielen. Beispielsweise gegen Alltags-Stress und f\u00fcr mehr Entspannung oder im Kampf gegen Erk\u00e4ltungen und co. Gerade in der heutigen Zeit ist die heilende und unterst\u00fctzende Wirkung von diesen \u00d6len ein nicht unerheblicher Faktor. Unsere Wellness- und Aromatherapie-D\u00fcfte sind kein Medikament, k\u00f6nnen aber das Raumklima optimieren, das Immunsystem st\u00e4rken und die Psyche positiv beeinflussen.<\/p>\n<p>[\/vc_column_text][vc_basic_grid post_type=&#8221;duft&#8221; max_items=&#8221;-1&#8243; element_width=&#8221;3&#8243; gap=&#8221;10&#8243; orderby=&#8221;title&#8221; order=&#8221;ASC&#8221; item=&#8221;486&#8243; grid_id=&#8221;vc_gid:1596461637139-737ad59d-85ad-3&#8243; taxonomies=&#8221;341&#8243;][\/vc_column][\/vc_row][vc_row][vc_column][vc_custom_heading text=&#8221;HYGIENE &amp; SAUBERKEIT&#8221; font_container=&#8221;tag:h2|text_align:center&#8221; use_theme_fonts=&#8221;yes&#8221;][vc_column_text]<\/p>\n<p style=\"text-align: center;\">Ruhe und ein Gef\u00fchl der Sicherheit schaffen: Um Kunden und G\u00e4ste nach der COVID-Krise wieder willkommen zu hei\u00dfen, bedeutet auch, ein Gef\u00fchl von Sauberkeit und Sicherheit zu vermitteln. Wir waschen unsere H\u00e4nde, wir tragen Masken, aber wir wollen auch sp\u00fcren, dass die Luft in unseren R\u00e4umen sauber ist. Die richtige Atmosph\u00e4re kann Emotionen wie Stress, Frustration, Unsicherheit, Sorge und Angst beruhigen und sogar aufl\u00f6sen.<\/p>\n<p>[\/vc_column_text][vc_basic_grid post_type=&#8221;duft&#8221; max_items=&#8221;-1&#8243; element_width=&#8221;3&#8243; gap=&#8221;10&#8243; orderby=&#8221;title&#8221; order=&#8221;ASC&#8221; item=&#8221;486&#8243; grid_id=&#8221;vc_gid:1596461653048-3efb841d-878b-10&#8243; taxonomies=&#8221;360&#8243;][\/vc_column][\/vc_row][\/vc_section]<\/p>\n<\/div>","protected":false},"excerpt":{"rendered":"<p>D\u00fcfte f\u00fcr Nano Ger\u00e4te<\/p>\n","protected":false},"author":1,"featured_media":0,"parent":100,"menu_order":0,"comment_status":"closed","ping_status":"closed","template":"","meta":{"_acf_changed":false,"inline_featured_image":false,"footnotes":""},"class_list":["post-504","page","type-page","status-publish","hentry"],"acf":[],"yoast_head":"<!-- This site is optimized with the Yoast SEO plugin v21.8.1 - https:\/\/yoast.com\/wordpress\/plugins\/seo\/ -->\n<title>Raumduft mit Aromea - D\u00fcfte f\u00fcr Nano Ger\u00e4te<\/title>\n<meta name=\"description\" content=\"Neben dem individuellen Corporate Scent bietet Aromea aber auch eine Auswahl an Premiumd\u00fcften f\u00fcr Aromas\u00e4ulen und die Nano-Ger\u00e4te mit AirQ-Technologie an. Frisch, fruchtig, entspannend, w\u00fcrzig \u2013 Entdecken Sie den Raumduft, der Ihren Betrieb auf eine neue (Sinnes-)ebene hebt.\" \/>\n<meta name=\"robots\" content=\"index, follow, max-snippet:-1, max-image-preview:large, max-video-preview:-1\" \/>\n<link rel=\"canonical\" href=\"https:\/\/aromea.eu\/at\/duftmarketing\/raumduefte\/duefte-fuer-nano-geraete\/\" \/>\n<meta property=\"og:locale\" content=\"de_DE\" \/>\n<meta property=\"og:type\" content=\"article\" \/>\n<meta property=\"og:title\" content=\"Raumduft mit Aromea - D\u00fcfte f\u00fcr Nano Ger\u00e4te\" \/>\n<meta property=\"og:description\" content=\"Neben dem individuellen Corporate Scent bietet Aromea aber auch eine Auswahl an Premiumd\u00fcften f\u00fcr Aromas\u00e4ulen und die Nano-Ger\u00e4te mit AirQ-Technologie an. Frisch, fruchtig, entspannend, w\u00fcrzig \u2013 Entdecken Sie den Raumduft, der Ihren Betrieb auf eine neue (Sinnes-)ebene hebt.\" \/>\n<meta property=\"og:url\" content=\"https:\/\/aromea.eu\/at\/duftmarketing\/raumduefte\/duefte-fuer-nano-geraete\/\" \/>\n<meta property=\"og:site_name\" content=\"Aromea\" \/>\n<meta property=\"article:modified_time\" content=\"2020-08-03T13:38:06+00:00\" \/>\n<meta name=\"twitter:card\" content=\"summary_large_image\" \/>\n<meta name=\"twitter:label1\" content=\"Gesch\u00e4tzte Lesezeit\" \/>\n\t<meta name=\"twitter:data1\" content=\"6\u00a0Minuten\" \/>\n<script type=\"application\/ld+json\" class=\"yoast-schema-graph\">{\"@context\":\"https:\/\/schema.org\",\"@graph\":[{\"@type\":\"WebPage\",\"@id\":\"https:\/\/aromea.eu\/at\/duftmarketing\/raumduefte\/duefte-fuer-nano-geraete\/\",\"url\":\"https:\/\/aromea.eu\/at\/duftmarketing\/raumduefte\/duefte-fuer-nano-geraete\/\",\"name\":\"Raumduft mit Aromea - D\u00fcfte f\u00fcr Nano Ger\u00e4te\",\"isPartOf\":{\"@id\":\"https:\/\/aromea.eu\/at\/duftmarketing\/#website\"},\"datePublished\":\"2018-08-10T11:25:49+00:00\",\"dateModified\":\"2020-08-03T13:38:06+00:00\",\"description\":\"Neben dem individuellen Corporate Scent bietet Aromea aber auch eine Auswahl an Premiumd\u00fcften f\u00fcr Aromas\u00e4ulen und die Nano-Ger\u00e4te mit AirQ-Technologie an. Frisch, fruchtig, entspannend, w\u00fcrzig \u2013 Entdecken Sie den Raumduft, der Ihren Betrieb auf eine neue (Sinnes-)ebene hebt.\",\"breadcrumb\":{\"@id\":\"https:\/\/aromea.eu\/at\/duftmarketing\/raumduefte\/duefte-fuer-nano-geraete\/#breadcrumb\"},\"inLanguage\":\"de\",\"potentialAction\":[{\"@type\":\"ReadAction\",\"target\":[\"https:\/\/aromea.eu\/at\/duftmarketing\/raumduefte\/duefte-fuer-nano-geraete\/\"]}]},{\"@type\":\"BreadcrumbList\",\"@id\":\"https:\/\/aromea.eu\/at\/duftmarketing\/raumduefte\/duefte-fuer-nano-geraete\/#breadcrumb\",\"itemListElement\":[{\"@type\":\"ListItem\",\"position\":1,\"name\":\"Raumd\u00fcfte\",\"item\":\"https:\/\/aromea.eu\/at\/duftmarketing\/raumduefte\/\"},{\"@type\":\"ListItem\",\"position\":2,\"name\":\"Raumd\u00fcfte f\u00fcr Nano Ger\u00e4te\"}]},{\"@type\":\"WebSite\",\"@id\":\"https:\/\/aromea.eu\/at\/duftmarketing\/#website\",\"url\":\"https:\/\/aromea.eu\/at\/duftmarketing\/\",\"name\":\"Aromea\",\"description\":\"Airdesign\",\"potentialAction\":[{\"@type\":\"SearchAction\",\"target\":{\"@type\":\"EntryPoint\",\"urlTemplate\":\"https:\/\/aromea.eu\/at\/duftmarketing\/?s={search_term_string}\"},\"query-input\":\"required name=search_term_string\"}],\"inLanguage\":\"de\"}]}<\/script>\n<!-- \/ Yoast SEO plugin. -->","yoast_head_json":{"title":"Raumduft mit Aromea - D\u00fcfte f\u00fcr Nano Ger\u00e4te","description":"Neben dem individuellen Corporate Scent bietet Aromea aber auch eine Auswahl an Premiumd\u00fcften f\u00fcr Aromas\u00e4ulen und die Nano-Ger\u00e4te mit AirQ-Technologie an. Frisch, fruchtig, entspannend, w\u00fcrzig \u2013 Entdecken Sie den Raumduft, der Ihren Betrieb auf eine neue (Sinnes-)ebene hebt.","robots":{"index":"index","follow":"follow","max-snippet":"max-snippet:-1","max-image-preview":"max-image-preview:large","max-video-preview":"max-video-preview:-1"},"canonical":"https:\/\/aromea.eu\/at\/duftmarketing\/raumduefte\/duefte-fuer-nano-geraete\/","og_locale":"de_DE","og_type":"article","og_title":"Raumduft mit Aromea - D\u00fcfte f\u00fcr Nano Ger\u00e4te","og_description":"Neben dem individuellen Corporate Scent bietet Aromea aber auch eine Auswahl an Premiumd\u00fcften f\u00fcr Aromas\u00e4ulen und die Nano-Ger\u00e4te mit AirQ-Technologie an. Frisch, fruchtig, entspannend, w\u00fcrzig \u2013 Entdecken Sie den Raumduft, der Ihren Betrieb auf eine neue (Sinnes-)ebene hebt.","og_url":"https:\/\/aromea.eu\/at\/duftmarketing\/raumduefte\/duefte-fuer-nano-geraete\/","og_site_name":"Aromea","article_modified_time":"2020-08-03T13:38:06+00:00","twitter_card":"summary_large_image","twitter_misc":{"Gesch\u00e4tzte Lesezeit":"6\u00a0Minuten"},"schema":{"@context":"https:\/\/schema.org","@graph":[{"@type":"WebPage","@id":"https:\/\/aromea.eu\/at\/duftmarketing\/raumduefte\/duefte-fuer-nano-geraete\/","url":"https:\/\/aromea.eu\/at\/duftmarketing\/raumduefte\/duefte-fuer-nano-geraete\/","name":"Raumduft mit Aromea - D\u00fcfte f\u00fcr Nano Ger\u00e4te","isPartOf":{"@id":"https:\/\/aromea.eu\/at\/duftmarketing\/#website"},"datePublished":"2018-08-10T11:25:49+00:00","dateModified":"2020-08-03T13:38:06+00:00","description":"Neben dem individuellen Corporate Scent bietet Aromea aber auch eine Auswahl an Premiumd\u00fcften f\u00fcr Aromas\u00e4ulen und die Nano-Ger\u00e4te mit AirQ-Technologie an. Frisch, fruchtig, entspannend, w\u00fcrzig \u2013 Entdecken Sie den Raumduft, der Ihren Betrieb auf eine neue (Sinnes-)ebene hebt.","breadcrumb":{"@id":"https:\/\/aromea.eu\/at\/duftmarketing\/raumduefte\/duefte-fuer-nano-geraete\/#breadcrumb"},"inLanguage":"de","potentialAction":[{"@type":"ReadAction","target":["https:\/\/aromea.eu\/at\/duftmarketing\/raumduefte\/duefte-fuer-nano-geraete\/"]}]},{"@type":"BreadcrumbList","@id":"https:\/\/aromea.eu\/at\/duftmarketing\/raumduefte\/duefte-fuer-nano-geraete\/#breadcrumb","itemListElement":[{"@type":"ListItem","position":1,"name":"Raumd\u00fcfte","item":"https:\/\/aromea.eu\/at\/duftmarketing\/raumduefte\/"},{"@type":"ListItem","position":2,"name":"Raumd\u00fcfte f\u00fcr Nano Ger\u00e4te"}]},{"@type":"WebSite","@id":"https:\/\/aromea.eu\/at\/duftmarketing\/#website","url":"https:\/\/aromea.eu\/at\/duftmarketing\/","name":"Aromea","description":"Airdesign","potentialAction":[{"@type":"SearchAction","target":{"@type":"EntryPoint","urlTemplate":"https:\/\/aromea.eu\/at\/duftmarketing\/?s={search_term_string}"},"query-input":"required name=search_term_string"}],"inLanguage":"de"}]}},"_links":{"self":[{"href":"https:\/\/aromea.eu\/at\/duftmarketing\/wp-json\/wp\/v2\/pages\/504","targetHints":{"allow":["GET"]}}],"collection":[{"href":"https:\/\/aromea.eu\/at\/duftmarketing\/wp-json\/wp\/v2\/pages"}],"about":[{"href":"https:\/\/aromea.eu\/at\/duftmarketing\/wp-json\/wp\/v2\/types\/page"}],"author":[{"embeddable":true,"href":"https:\/\/aromea.eu\/at\/duftmarketing\/wp-json\/wp\/v2\/users\/1"}],"replies":[{"embeddable":true,"href":"https:\/\/aromea.eu\/at\/duftmarketing\/wp-json\/wp\/v2\/comments?post=504"}],"version-history":[{"count":0,"href":"https:\/\/aromea.eu\/at\/duftmarketing\/wp-json\/wp\/v2\/pages\/504\/revisions"}],"up":[{"embeddable":true,"href":"https:\/\/aromea.eu\/at\/duftmarketing\/wp-json\/wp\/v2\/pages\/100"}],"wp:attachment":[{"href":"https:\/\/aromea.eu\/at\/duftmarketing\/wp-json\/wp\/v2\/media?parent=504"}],"curies":[{"name":"wp","href":"https:\/\/api.w.org\/{rel}","templated":true}]}}