{"id":100,"date":"2018-07-31T19:03:27","date_gmt":"2018-07-31T17:03:27","guid":{"rendered":"http:\/\/www.duftmarketing.at\/?page_id=100"},"modified":"2020-03-24T10:41:25","modified_gmt":"2020-03-24T09:41:25","slug":"raumduefte","status":"publish","type":"page","link":"https:\/\/aromea.eu\/at\/duftmarketing\/raumduefte\/","title":{"rendered":"Raumd\u00fcfte"},"content":{"rendered":"<p>[vc_section css=&#8221;.vc_custom_1534165180571{padding-top: 105px !important;padding-bottom: 105px !important;}&#8221;][vc_row content_placement=&#8221;middle&#8221;][vc_column width=&#8221;1\/2&#8243; css=&#8221;.vc_custom_1534505312369{border-right-width: 1px !important;padding-top: 0px !important;border-right-color: #7d7d7d !important;border-right-style: solid !important;}&#8221; el_class=&#8221;no-mobile-border&#8221;][vc_custom_heading text=&#8221;D\u00dcFTE F\u00dcR<br \/>\nAROMAS\u00c4ULEN&#8221; font_container=&#8221;tag:h3|font_size:36px|text_align:center|color:%23000000|line_height:38px&#8221; use_theme_fonts=&#8221;yes&#8221; css=&#8221;.vc_custom_1534164963082{margin-bottom: 30px !important;}&#8221;][vc_column_text el_class=&#8221;font-13-16-2-up text-center color-000&#8243; css=&#8221;.vc_custom_1583484110290{margin-bottom: 10px !important;}&#8221;]<a href=\"https:\/\/aromea.eu\/at\/duftmarketing\/raumduefte\/duefte-fuer-aromasaeulen\/\">MEHR ERFAHREN\u00a0<img decoding=\"async\" style=\"margin-left: 15px;\" src=\"https:\/\/aromea.eu\/at\/duftmarketing\/wp-content\/uploads\/2018\/08\/arr-more.svg\" \/><\/a>[\/vc_column_text][\/vc_column][vc_column width=&#8221;1\/2&#8243; css=&#8221;.vc_custom_1534165014590{border-right-width: 0px !important;padding-top: 0px !important;border-right-color: #7d7d7d !important;border-right-style: solid !important;}&#8221;][vc_custom_heading text=&#8221;D\u00dcFTE F\u00dcR<br \/>\nNANO GER\u00c4TE&#8221; font_container=&#8221;tag:h3|font_size:36px|text_align:center|color:%23000000|line_height:38px&#8221; use_theme_fonts=&#8221;yes&#8221; css=&#8221;.vc_custom_1534164968473{margin-bottom: 30px !important;}&#8221;][vc_column_text el_class=&#8221;font-13-16-2-up text-center color-000&#8243; css=&#8221;.vc_custom_1583484125802{margin-bottom: 10px !important;}&#8221;]<a href=\"https:\/\/aromea.eu\/at\/duftmarketing\/raumduefte\/duefte-fuer-nano-geraete\/\">MEHR ERFAHREN\u00a0<img decoding=\"async\" style=\"margin-left: 15px;\" src=\"https:\/\/aromea.eu\/at\/duftmarketing\/wp-content\/uploads\/2018\/08\/arr-more.svg\" \/><\/a>[\/vc_column_text][\/vc_column][\/vc_row][\/vc_section][vc_section full_width=&#8221;stretch_row_content&#8221; css=&#8221;.vc_custom_1533890908528{padding-top: 0px !important;padding-bottom: 0px !important;background-color: #000000 !important;}&#8221;][vc_row full_width=&#8221;stretch_row_content_no_spaces&#8221; content_placement=&#8221;bottom&#8221;][vc_column width=&#8221;1\/2&#8243; el_class=&#8221;no-padding&#8221;][vc_single_image image=&#8221;443&#8243; img_size=&#8221;large&#8221;][\/vc_column][vc_column width=&#8221;1\/2&#8243; css=&#8221;.vc_custom_1534504810286{padding-right: 135px !important;padding-bottom: 80px !important;}&#8221; el_class=&#8221;no-padding-bottom&#8221;][vc_column_text el_class=&#8221;font-14-22 color-fff max-w-370 fr&#8221;]Emotionalit\u00e4t ist oftmals ein einfacher Ausdruck: Gespitzte Lippen, ein nachdenkliches Stirnrunzeln, geschlossene Augen &#8211; ein leichtes Aroma von frisch erbl\u00fchten Rosen oder von exotischer Frangipani, von bet\u00f6renden Lilien oder tiefsinnigem Sandelholz.[\/vc_column_text][\/vc_column][vc_column el_class=&#8221;abs-col&#8221;][vc_row_inner content_placement=&#8221;middle&#8221;][vc_column_inner][vc_custom_heading text=&#8221;EMOTION&#8221; font_container=&#8221;tag:h1|font_size:120px|text_align:center|color:%23ffffff|line_height:76px&#8221; use_theme_fonts=&#8221;yes&#8221;][\/vc_column_inner][\/vc_row_inner][\/vc_column][\/vc_row][vc_row full_width=&#8221;stretch_row_content_no_spaces&#8221; content_placement=&#8221;bottom&#8221;][vc_column width=&#8221;1\/2&#8243; css=&#8221;.vc_custom_1534505489616{padding-bottom: 80px !important;padding-left: 135px !important;}&#8221; el_class=&#8221;no-padding-bottom&#8221; offset=&#8221;vc_hidden-xs&#8221;][vc_column_text el_class=&#8221;font-14-22 color-fff max-w-370&#8243;]Wache Augen, strahlende Haut &#8211; unverf\u00e4lscht rein. Kein Versteckspiel, Ehrlichkeit an jedem Tag. Frisch gewaschene W\u00e4sche im Sommerwind, Wiesen und Gr\u00e4sern &#8211; die Meeresbrise verfeinert die klare Luft. Leicht und belebend wie das Veilchen im Fr\u00fchjahr, wei\u00dfes Leinen und Lilienbl\u00fcten.[\/vc_column_text][\/vc_column][vc_column width=&#8221;1\/2&#8243; el_class=&#8221;no-padding&#8221; offset=&#8221;vc_hidden-xs&#8221;][vc_single_image image=&#8221;447&#8243; img_size=&#8221;large&#8221;][\/vc_column][vc_column el_class=&#8221;abs-col&#8221; offset=&#8221;vc_hidden-xs&#8221;][vc_row_inner content_placement=&#8221;middle&#8221;][vc_column_inner][vc_custom_heading text=&#8221;PURE&#8221; font_container=&#8221;tag:h1|font_size:120px|text_align:center|color:%23ffffff|line_height:76px&#8221; use_theme_fonts=&#8221;yes&#8221;][\/vc_column_inner][\/vc_row_inner][\/vc_column][\/vc_row][vc_row full_width=&#8221;stretch_row_content_no_spaces&#8221; content_placement=&#8221;bottom&#8221;][vc_column width=&#8221;1\/2&#8243; el_class=&#8221;no-padding&#8221; offset=&#8221;vc_hidden-lg vc_hidden-md vc_hidden-sm&#8221;][vc_single_image image=&#8221;447&#8243; img_size=&#8221;large&#8221;][\/vc_column][vc_column width=&#8221;1\/2&#8243; css=&#8221;.vc_custom_1534505517665{padding-bottom: 80px !important;padding-left: 135px !important;}&#8221; el_class=&#8221;no-padding-bottom&#8221; offset=&#8221;vc_hidden-lg vc_hidden-md vc_hidden-sm&#8221;][vc_column_text el_class=&#8221;font-14-22 color-fff max-w-370&#8243;]Wache Augen, strahlende Haut &#8211; unverf\u00e4lscht rein. Kein Versteckspiel, Ehrlichkeit an jedem Tag. Frisch gewaschene W\u00e4sche im Sommerwind, Wiesen und Gr\u00e4sern &#8211; die Meeresbrise verfeinert die klare Luft. Leicht und belebend wie das Veilchen im Fr\u00fchjahr, wei\u00dfes Leinen und Lilienbl\u00fcten.[\/vc_column_text][\/vc_column][vc_column el_class=&#8221;abs-col&#8221; offset=&#8221;vc_hidden-lg vc_hidden-md vc_hidden-sm&#8221;][vc_row_inner content_placement=&#8221;middle&#8221;][vc_column_inner][vc_custom_heading text=&#8221;PURE&#8221; font_container=&#8221;tag:h1|font_size:120px|text_align:center|color:%23ffffff|line_height:76px&#8221; use_theme_fonts=&#8221;yes&#8221;][\/vc_column_inner][\/vc_row_inner][\/vc_column][\/vc_row][vc_row full_width=&#8221;stretch_row_content_no_spaces&#8221; content_placement=&#8221;bottom&#8221;][vc_column width=&#8221;1\/2&#8243; el_class=&#8221;no-padding&#8221;][vc_single_image image=&#8221;457&#8243; img_size=&#8221;large&#8221;][\/vc_column][vc_column width=&#8221;1\/2&#8243; css=&#8221;.vc_custom_1534504823595{padding-right: 135px !important;padding-bottom: 80px !important;}&#8221; el_class=&#8221;no-padding-bottom&#8221;][vc_column_text el_class=&#8221;font-14-22 color-fff max-w-370 fr&#8221;]Die feinen Z\u00fcge, die hohe Augenbraue, das leise L\u00e4cheln &#8211; Eleganz ist mehr als ein Look, es ist ein Statement. Zur\u00fcckhaltend aber selbstbewusst, sich seiner bewusst sein. Mit Manieren. So wie der Duft der englischen Rose oder eine leicht holzige Nuance der Zeder oder das erdige Vetiver.[\/vc_column_text][\/vc_column][vc_column el_class=&#8221;abs-col&#8221;][vc_row_inner content_placement=&#8221;middle&#8221;][vc_column_inner][vc_custom_heading text=&#8221;ELEGANT&#8221; font_container=&#8221;tag:h1|font_size:120px|text_align:center|color:%23ffffff|line_height:76px&#8221; use_theme_fonts=&#8221;yes&#8221;][\/vc_column_inner][\/vc_row_inner][\/vc_column][\/vc_row][vc_row full_width=&#8221;stretch_row_content_no_spaces&#8221; content_placement=&#8221;bottom&#8221;][vc_column width=&#8221;1\/2&#8243; css=&#8221;.vc_custom_1534505625773{padding-bottom: 80px !important;padding-left: 135px !important;}&#8221; el_class=&#8221;no-padding-bottom&#8221; offset=&#8221;vc_hidden-xs&#8221;][vc_column_text el_class=&#8221;font-14-22 color-fff max-w-370&#8243;]Was gibt es sch\u00f6neres als ein Mensch der l\u00e4chelt? Oder lacht? Leise oder laut. Aber wussten Sie, dass bestimmte Duftnuancen das L\u00e4cheln f\u00f6rdern k\u00f6nnen? Zitrusgew\u00e4chse und buntes Obst str\u00f6men dieses leichte Gef\u00fchl aus: Zitrone, Orange, Mandarine&#8230;[\/vc_column_text][\/vc_column][vc_column width=&#8221;1\/2&#8243; el_class=&#8221;no-padding&#8221; offset=&#8221;vc_hidden-xs&#8221;][vc_single_image image=&#8221;458&#8243; img_size=&#8221;large&#8221;][\/vc_column][vc_column el_class=&#8221;abs-col&#8221; offset=&#8221;vc_hidden-xs&#8221;][vc_row_inner content_placement=&#8221;middle&#8221;][vc_column_inner][vc_custom_heading text=&#8221;SMILE&#8221; font_container=&#8221;tag:h1|font_size:120px|text_align:center|color:%23ffffff|line_height:76px&#8221; use_theme_fonts=&#8221;yes&#8221;][\/vc_column_inner][\/vc_row_inner][\/vc_column][\/vc_row][vc_row full_width=&#8221;stretch_row_content_no_spaces&#8221; content_placement=&#8221;bottom&#8221;][vc_column width=&#8221;1\/2&#8243; el_class=&#8221;no-padding&#8221; offset=&#8221;vc_hidden-lg vc_hidden-md vc_hidden-sm&#8221;][vc_single_image image=&#8221;458&#8243; img_size=&#8221;large&#8221;][\/vc_column][vc_column width=&#8221;1\/2&#8243; css=&#8221;.vc_custom_1534505618511{padding-bottom: 80px !important;padding-left: 135px !important;}&#8221; el_class=&#8221;no-padding-bottom&#8221; offset=&#8221;vc_hidden-lg vc_hidden-md vc_hidden-sm&#8221;][vc_column_text el_class=&#8221;font-14-22 color-fff max-w-370&#8243;]Was gibt es sch\u00f6neres als ein Mensch der l\u00e4chelt? Oder lacht? Leise oder laut. Aber wussten Sie, dass bestimmte Duftnuancen das L\u00e4cheln f\u00f6rdern k\u00f6nnen? Zitrusgew\u00e4chse und buntes Obst str\u00f6men dieses leichte Gef\u00fchl aus: Zitrone, Orange, Mandarine&#8230;[\/vc_column_text][\/vc_column][vc_column el_class=&#8221;abs-col&#8221; offset=&#8221;vc_hidden-lg vc_hidden-md vc_hidden-sm&#8221;][vc_row_inner content_placement=&#8221;middle&#8221;][vc_column_inner][vc_custom_heading text=&#8221;SMILE&#8221; font_container=&#8221;tag:h1|font_size:120px|text_align:center|color:%23ffffff|line_height:76px&#8221; use_theme_fonts=&#8221;yes&#8221;][\/vc_column_inner][\/vc_row_inner][\/vc_column][\/vc_row][\/vc_section]<\/p>\n","protected":false},"excerpt":{"rendered":"<p>[vc_section css=&#8221;.vc_custom_1534165180571{padding-top: 105px !important;padding-bottom: 105px !important;}&#8221;][vc_row content_placement=&#8221;middle&#8221;][vc_column width=&#8221;1\/2&#8243; css=&#8221;.vc_custom_1534505312369{border-right-width: 1px !important;padding-top: 0px !important;border-right-color: #7d7d7d !important;border-right-style: solid !important;}&#8221; el_class=&#8221;no-mobile-border&#8221;][vc_custom_heading text=&#8221;D\u00dcFTE F\u00dcR AROMAS\u00c4ULEN&#8221; font_container=&#8221;tag:h3|font_size:36px|text_align:center|color:%23000000|line_height:38px&#8221; use_theme_fonts=&#8221;yes&#8221; css=&#8221;.vc_custom_1534164963082{margin-bottom: 30px !important;}&#8221;][vc_column_text<span class=\"excerpt-hellip\"> [\u2026]<\/span><\/p>\n","protected":false},"author":1,"featured_media":0,"parent":0,"menu_order":0,"comment_status":"closed","ping_status":"closed","template":"","meta":{"_acf_changed":false,"inline_featured_image":false,"footnotes":""},"class_list":["post-100","page","type-page","status-publish","hentry"],"acf":[],"yoast_head":"<!-- This site is optimized with the Yoast SEO plugin v21.8.1 - https:\/\/yoast.com\/wordpress\/plugins\/seo\/ -->\n<title>Duftmarketing: Individuelle Raumd\u00fcfte f\u00fcr jeden Bertrieb - Aromea Airdesign<\/title>\n<meta name=\"description\" content=\"Raumd\u00fcfte f\u00fcr alle Lebenslagen \u2013 mit weniger gibt sich Aromea als die Duftmarketing-Spezialisten aus \u00d6sterreich nicht zufrieden. Dabei kann jeder Duft individuell gestaltet werden um der entsprechenden Situation gerecht zu werden. Neben dem individuellen Corporate Scent bietet Aromea aber auch eine Auswahl an Premiumd\u00fcften f\u00fcr Aromas\u00e4ulen und die Nano-Ger\u00e4te mit AirQ-Technologie an.\" \/>\n<meta name=\"robots\" content=\"index, follow, max-snippet:-1, max-image-preview:large, max-video-preview:-1\" \/>\n<link rel=\"canonical\" href=\"https:\/\/aromea.eu\/at\/duftmarketing\/raumduefte\/\" \/>\n<meta property=\"og:locale\" content=\"de_DE\" \/>\n<meta property=\"og:type\" content=\"article\" \/>\n<meta property=\"og:title\" content=\"Duftmarketing: Individuelle Raumd\u00fcfte f\u00fcr jeden Bertrieb - Aromea Airdesign\" \/>\n<meta property=\"og:description\" content=\"Raumd\u00fcfte f\u00fcr alle Lebenslagen \u2013 mit weniger gibt sich Aromea als die Duftmarketing-Spezialisten aus \u00d6sterreich nicht zufrieden. Dabei kann jeder Duft individuell gestaltet werden um der entsprechenden Situation gerecht zu werden. Neben dem individuellen Corporate Scent bietet Aromea aber auch eine Auswahl an Premiumd\u00fcften f\u00fcr Aromas\u00e4ulen und die Nano-Ger\u00e4te mit AirQ-Technologie an.\" \/>\n<meta property=\"og:url\" content=\"https:\/\/aromea.eu\/at\/duftmarketing\/raumduefte\/\" \/>\n<meta property=\"og:site_name\" content=\"Aromea\" \/>\n<meta property=\"article:modified_time\" content=\"2020-03-24T09:41:25+00:00\" \/>\n<meta property=\"og:image\" content=\"https:\/\/aromea.eu\/at\/duftmarketing\/wp-content\/uploads\/2018\/08\/arr-more.svg\" \/>\n<meta name=\"twitter:card\" content=\"summary_large_image\" \/>\n<meta name=\"twitter:label1\" content=\"Gesch\u00e4tzte Lesezeit\" \/>\n\t<meta name=\"twitter:data1\" content=\"6\u00a0Minuten\" \/>\n<script type=\"application\/ld+json\" class=\"yoast-schema-graph\">{\"@context\":\"https:\/\/schema.org\",\"@graph\":[{\"@type\":\"WebPage\",\"@id\":\"https:\/\/aromea.eu\/at\/duftmarketing\/raumduefte\/\",\"url\":\"https:\/\/aromea.eu\/at\/duftmarketing\/raumduefte\/\",\"name\":\"Duftmarketing: Individuelle Raumd\u00fcfte f\u00fcr jeden Bertrieb - Aromea Airdesign\",\"isPartOf\":{\"@id\":\"https:\/\/aromea.eu\/at\/duftmarketing\/#website\"},\"datePublished\":\"2018-07-31T17:03:27+00:00\",\"dateModified\":\"2020-03-24T09:41:25+00:00\",\"description\":\"Raumd\u00fcfte f\u00fcr alle Lebenslagen \u2013 mit weniger gibt sich Aromea als die Duftmarketing-Spezialisten aus \u00d6sterreich nicht zufrieden. Dabei kann jeder Duft individuell gestaltet werden um der entsprechenden Situation gerecht zu werden. Neben dem individuellen Corporate Scent bietet Aromea aber auch eine Auswahl an Premiumd\u00fcften f\u00fcr Aromas\u00e4ulen und die Nano-Ger\u00e4te mit AirQ-Technologie an.\",\"inLanguage\":\"de\",\"potentialAction\":[{\"@type\":\"ReadAction\",\"target\":[\"https:\/\/aromea.eu\/at\/duftmarketing\/raumduefte\/\"]}]},{\"@type\":\"WebSite\",\"@id\":\"https:\/\/aromea.eu\/at\/duftmarketing\/#website\",\"url\":\"https:\/\/aromea.eu\/at\/duftmarketing\/\",\"name\":\"Aromea\",\"description\":\"Airdesign\",\"potentialAction\":[{\"@type\":\"SearchAction\",\"target\":{\"@type\":\"EntryPoint\",\"urlTemplate\":\"https:\/\/aromea.eu\/at\/duftmarketing\/?s={search_term_string}\"},\"query-input\":\"required name=search_term_string\"}],\"inLanguage\":\"de\"}]}<\/script>\n<!-- \/ Yoast SEO plugin. -->","yoast_head_json":{"title":"Duftmarketing: Individuelle Raumd\u00fcfte f\u00fcr jeden Bertrieb - Aromea Airdesign","description":"Raumd\u00fcfte f\u00fcr alle Lebenslagen \u2013 mit weniger gibt sich Aromea als die Duftmarketing-Spezialisten aus \u00d6sterreich nicht zufrieden. Dabei kann jeder Duft individuell gestaltet werden um der entsprechenden Situation gerecht zu werden. Neben dem individuellen Corporate Scent bietet Aromea aber auch eine Auswahl an Premiumd\u00fcften f\u00fcr Aromas\u00e4ulen und die Nano-Ger\u00e4te mit AirQ-Technologie an.","robots":{"index":"index","follow":"follow","max-snippet":"max-snippet:-1","max-image-preview":"max-image-preview:large","max-video-preview":"max-video-preview:-1"},"canonical":"https:\/\/aromea.eu\/at\/duftmarketing\/raumduefte\/","og_locale":"de_DE","og_type":"article","og_title":"Duftmarketing: Individuelle Raumd\u00fcfte f\u00fcr jeden Bertrieb - Aromea Airdesign","og_description":"Raumd\u00fcfte f\u00fcr alle Lebenslagen \u2013 mit weniger gibt sich Aromea als die Duftmarketing-Spezialisten aus \u00d6sterreich nicht zufrieden. Dabei kann jeder Duft individuell gestaltet werden um der entsprechenden Situation gerecht zu werden. Neben dem individuellen Corporate Scent bietet Aromea aber auch eine Auswahl an Premiumd\u00fcften f\u00fcr Aromas\u00e4ulen und die Nano-Ger\u00e4te mit AirQ-Technologie an.","og_url":"https:\/\/aromea.eu\/at\/duftmarketing\/raumduefte\/","og_site_name":"Aromea","article_modified_time":"2020-03-24T09:41:25+00:00","og_image":[{"url":"https:\/\/aromea.eu\/at\/duftmarketing\/wp-content\/uploads\/2018\/08\/arr-more.svg"}],"twitter_card":"summary_large_image","twitter_misc":{"Gesch\u00e4tzte Lesezeit":"6\u00a0Minuten"},"schema":{"@context":"https:\/\/schema.org","@graph":[{"@type":"WebPage","@id":"https:\/\/aromea.eu\/at\/duftmarketing\/raumduefte\/","url":"https:\/\/aromea.eu\/at\/duftmarketing\/raumduefte\/","name":"Duftmarketing: Individuelle Raumd\u00fcfte f\u00fcr jeden Bertrieb - Aromea Airdesign","isPartOf":{"@id":"https:\/\/aromea.eu\/at\/duftmarketing\/#website"},"datePublished":"2018-07-31T17:03:27+00:00","dateModified":"2020-03-24T09:41:25+00:00","description":"Raumd\u00fcfte f\u00fcr alle Lebenslagen \u2013 mit weniger gibt sich Aromea als die Duftmarketing-Spezialisten aus \u00d6sterreich nicht zufrieden. Dabei kann jeder Duft individuell gestaltet werden um der entsprechenden Situation gerecht zu werden. Neben dem individuellen Corporate Scent bietet Aromea aber auch eine Auswahl an Premiumd\u00fcften f\u00fcr Aromas\u00e4ulen und die Nano-Ger\u00e4te mit AirQ-Technologie an.","inLanguage":"de","potentialAction":[{"@type":"ReadAction","target":["https:\/\/aromea.eu\/at\/duftmarketing\/raumduefte\/"]}]},{"@type":"WebSite","@id":"https:\/\/aromea.eu\/at\/duftmarketing\/#website","url":"https:\/\/aromea.eu\/at\/duftmarketing\/","name":"Aromea","description":"Airdesign","potentialAction":[{"@type":"SearchAction","target":{"@type":"EntryPoint","urlTemplate":"https:\/\/aromea.eu\/at\/duftmarketing\/?s={search_term_string}"},"query-input":"required name=search_term_string"}],"inLanguage":"de"}]}},"_links":{"self":[{"href":"https:\/\/aromea.eu\/at\/duftmarketing\/wp-json\/wp\/v2\/pages\/100","targetHints":{"allow":["GET"]}}],"collection":[{"href":"https:\/\/aromea.eu\/at\/duftmarketing\/wp-json\/wp\/v2\/pages"}],"about":[{"href":"https:\/\/aromea.eu\/at\/duftmarketing\/wp-json\/wp\/v2\/types\/page"}],"author":[{"embeddable":true,"href":"https:\/\/aromea.eu\/at\/duftmarketing\/wp-json\/wp\/v2\/users\/1"}],"replies":[{"embeddable":true,"href":"https:\/\/aromea.eu\/at\/duftmarketing\/wp-json\/wp\/v2\/comments?post=100"}],"version-history":[{"count":0,"href":"https:\/\/aromea.eu\/at\/duftmarketing\/wp-json\/wp\/v2\/pages\/100\/revisions"}],"wp:attachment":[{"href":"https:\/\/aromea.eu\/at\/duftmarketing\/wp-json\/wp\/v2\/media?parent=100"}],"curies":[{"name":"wp","href":"https:\/\/api.w.org\/{rel}","templated":true}]}}